{"id":2068,"date":"2023-02-07T14:56:13","date_gmt":"2023-02-07T11:56:13","guid":{"rendered":"https:\/\/bilimdent.com\/?page_id=2068"},"modified":"2023-02-08T14:56:04","modified_gmt":"2023-02-08T11:56:04","slug":"digital-dis-hekimligi","status":"publish","type":"page","link":"https:\/\/bilimdent.com\/?page_id=2068&lang=tr","title":{"rendered":"Digital Di\u015f Hekimli\u011fi"},"content":{"rendered":"\t\t<div data-elementor-type=\"wp-page\" data-elementor-id=\"2068\" class=\"elementor elementor-2068\">\n\t\t\t\t\t\t\t\t\t<section class=\"elementor-section elementor-top-section elementor-element elementor-element-7da502d7 elementor-section-boxed elementor-section-height-default elementor-section-height-default\" data-id=\"7da502d7\" data-element_type=\"section\" data-settings=\"{&quot;background_background&quot;:&quot;classic&quot;,&quot;shape_divider_bottom&quot;:&quot;curve&quot;,&quot;shape_divider_bottom_negative&quot;:&quot;yes&quot;}\">\n\t\t\t\t\t\t\t<div class=\"elementor-background-overlay\"><\/div>\n\t\t\t\t\t\t<div class=\"elementor-shape elementor-shape-bottom\" data-negative=\"true\">\n\t\t\t<svg xmlns=\"http:\/\/www.w3.org\/2000\/svg\" viewBox=\"0 0 1000 100\" preserveAspectRatio=\"none\">\n\t<path class=\"elementor-shape-fill\" d=\"M500,97C126.7,96.3,0.8,19.8,0,0v100l1000,0V1C1000,19.4,873.3,97.8,500,97z\"\/>\n<\/svg>\t\t<\/div>\n\t\t\t\t\t<div class=\"elementor-container elementor-column-gap-default\">\n\t\t\t\t\t<div class=\"elementor-column elementor-col-100 elementor-top-column elementor-element elementor-element-5d9096ca animated-slow elementor-invisible\" data-id=\"5d9096ca\" data-element_type=\"column\" data-settings=\"{&quot;animation&quot;:&quot;fadeInDown&quot;}\">\n\t\t\t<div class=\"elementor-widget-wrap elementor-element-populated\">\n\t\t\t\t\t\t\t\t<div class=\"elementor-element elementor-element-260594bb elementor-widget elementor-widget-heading\" data-id=\"260594bb\" data-element_type=\"widget\" data-widget_type=\"heading.default\">\n\t\t\t\t<div class=\"elementor-widget-container\">\n\t\t\t<style>\/*! elementor - v3.6.6 - 08-06-2022 *\/\n.elementor-heading-title{padding:0;margin:0;line-height:1}.elementor-widget-heading .elementor-heading-title[class*=elementor-size-]>a{color:inherit;font-size:inherit;line-height:inherit}.elementor-widget-heading .elementor-heading-title.elementor-size-small{font-size:15px}.elementor-widget-heading .elementor-heading-title.elementor-size-medium{font-size:19px}.elementor-widget-heading .elementor-heading-title.elementor-size-large{font-size:29px}.elementor-widget-heading .elementor-heading-title.elementor-size-xl{font-size:39px}.elementor-widget-heading .elementor-heading-title.elementor-size-xxl{font-size:59px}<\/style><h2 class=\"elementor-heading-title elementor-size-default\">Digital Di\u015f Hekimli\u011fi<\/h2>\t\t<\/div>\n\t\t\t\t<\/div>\n\t\t\t\t<div class=\"elementor-element elementor-element-1a718d70 elementor-align-left elementor-widget__width-auto elementor-icon-list--layout-traditional elementor-list-item-link-full_width elementor-widget elementor-widget-icon-list\" data-id=\"1a718d70\" data-element_type=\"widget\" data-widget_type=\"icon-list.default\">\n\t\t\t\t<div class=\"elementor-widget-container\">\n\t\t\t<link rel=\"stylesheet\" href=\"https:\/\/bilimdent.com\/wp-content\/plugins\/elementor\/assets\/css\/widget-icon-list.min.css\">\t\t<ul class=\"elementor-icon-list-items\">\n\t\t\t\t\t\t\t<li class=\"elementor-icon-list-item\">\n\t\t\t\t\t\t\t\t\t\t\t<span class=\"elementor-icon-list-icon\">\n\t\t\t\t\t\t\t<i aria-hidden=\"true\" class=\"fas fa-home\"><\/i>\t\t\t\t\t\t<\/span>\n\t\t\t\t\t\t\t\t\t\t<span class=\"elementor-icon-list-text\">Anasayfa<\/span>\n\t\t\t\t\t\t\t\t\t<\/li>\n\t\t\t\t\t\t<\/ul>\n\t\t\t\t<\/div>\n\t\t\t\t<\/div>\n\t\t\t\t<div class=\"elementor-element elementor-element-674cce82 elementor-align-left elementor-widget__width-auto elementor-icon-list--layout-traditional elementor-list-item-link-full_width elementor-widget elementor-widget-icon-list\" data-id=\"674cce82\" data-element_type=\"widget\" data-widget_type=\"icon-list.default\">\n\t\t\t\t<div class=\"elementor-widget-container\">\n\t\t\t\t\t<ul class=\"elementor-icon-list-items\">\n\t\t\t\t\t\t\t<li class=\"elementor-icon-list-item\">\n\t\t\t\t\t\t\t\t\t\t<span class=\"elementor-icon-list-text\">\/<\/span>\n\t\t\t\t\t\t\t\t\t<\/li>\n\t\t\t\t\t\t<\/ul>\n\t\t\t\t<\/div>\n\t\t\t\t<\/div>\n\t\t\t\t<div class=\"elementor-element elementor-element-169ce4ff elementor-align-left elementor-widget__width-auto elementor-icon-list--layout-traditional elementor-list-item-link-full_width elementor-widget elementor-widget-icon-list\" data-id=\"169ce4ff\" data-element_type=\"widget\" data-widget_type=\"icon-list.default\">\n\t\t\t\t<div class=\"elementor-widget-container\">\n\t\t\t\t\t<ul class=\"elementor-icon-list-items\">\n\t\t\t\t\t\t\t<li class=\"elementor-icon-list-item\">\n\t\t\t\t\t\t\t\t\t\t\t<span class=\"elementor-icon-list-icon\">\n\t\t\t\t\t\t\t<i aria-hidden=\"true\" class=\"fas fa-question-circle\"><\/i>\t\t\t\t\t\t<\/span>\n\t\t\t\t\t\t\t\t\t\t<span class=\"elementor-icon-list-text\">Dijital Di\u015f Hekimli\u011fi<\/span>\n\t\t\t\t\t\t\t\t\t<\/li>\n\t\t\t\t\t\t<\/ul>\n\t\t\t\t<\/div>\n\t\t\t\t<\/div>\n\t\t\t\t\t<\/div>\n\t\t<\/div>\n\t\t\t\t\t\t\t<\/div>\n\t\t<\/section>\n\t\t\t\t<section class=\"elementor-section elementor-top-section elementor-element elementor-element-7745e7f7 elementor-section-boxed elementor-section-height-default elementor-section-height-default\" data-id=\"7745e7f7\" data-element_type=\"section\" data-settings=\"{&quot;background_background&quot;:&quot;classic&quot;}\">\n\t\t\t\t\t\t<div class=\"elementor-container elementor-column-gap-default\">\n\t\t\t\t\t<div class=\"elementor-column elementor-col-100 elementor-top-column elementor-element elementor-element-4c35ada elementor-invisible\" data-id=\"4c35ada\" data-element_type=\"column\" data-settings=\"{&quot;animation&quot;:&quot;fadeInLeft&quot;}\">\n\t\t\t<div class=\"elementor-widget-wrap elementor-element-populated\">\n\t\t\t\t\t\t\t\t<div class=\"elementor-element elementor-element-23dc7446 elementor-widget elementor-widget-text-editor\" data-id=\"23dc7446\" data-element_type=\"widget\" data-widget_type=\"text-editor.default\">\n\t\t\t\t<div class=\"elementor-widget-container\">\n\t\t\t<style>\/*! elementor - v3.6.6 - 08-06-2022 *\/\n.elementor-widget-text-editor.elementor-drop-cap-view-stacked .elementor-drop-cap{background-color:#818a91;color:#fff}.elementor-widget-text-editor.elementor-drop-cap-view-framed .elementor-drop-cap{color:#818a91;border:3px solid;background-color:transparent}.elementor-widget-text-editor:not(.elementor-drop-cap-view-default) .elementor-drop-cap{margin-top:8px}.elementor-widget-text-editor:not(.elementor-drop-cap-view-default) .elementor-drop-cap-letter{width:1em;height:1em}.elementor-widget-text-editor .elementor-drop-cap{float:left;text-align:center;line-height:1;font-size:50px}.elementor-widget-text-editor .elementor-drop-cap-letter{display:inline-block}<\/style>\t\t\t\t<p><strong>D\u0130J\u0130TAL D\u0130\u015e HEK\u0130ML\u0130\u011e\u0130 NED\u0130R?<\/strong><\/p><p>Dijital di\u015f hekimli\u011fi, te\u015fhis, planlama ve tedavi s\u0131ras\u0131nda tamamen veya k\u0131smen bilgisayar destekli cihazlar\u0131n, y\u00f6ntemlerin ve teknolojinin kullan\u0131lmas\u0131 anlam\u0131na gelir.<\/p><p>Dijital di\u015f hekimli\u011fi y\u00f6ntemleri insan hatas\u0131n\u0131 azalt\u0131p, \u00fcretim hassasiyetini art\u0131rmak ve tedavi s\u00fcrelerini k\u0131saltmak amac\u0131yla geli\u015ftirilmi\u015f y\u00f6ntemlerdir.<\/p><p>Basit bir dolgudan komplike implant tedavilerine, estetik planlamadan g\u00fcl\u00fc\u015f tasar\u0131m\u0131na, ortodontiden porselen kaplamalara kadar bir\u00e7ok uygulama art\u0131k dijital teknolojiler ve cihazlar kullan\u0131larak yap\u0131labilmekte.<\/p><p>Dijital y\u00f6ntemlerin h\u0131z ve \u00fcretim hassasiyeti gibi avantajlar\u0131n\u0131n yan\u0131nda \u00e7ok \u00f6nemli bir avantaj\u0131 da hastaya \u00fcretilen dolgu, kaplama, k\u00f6pr\u00fc, ortodonti plaklar\u0131, gece plaklar\u0131 ve benzeri t\u00fcm uygulamalar\u0131n \u00fcretim datalar\u0131 veri tabanlar\u0131nda saklanabilmekte ve bir g\u00fcn herhangi bir nedenle tekrar \u00fcretilmesi gerekti\u011finde hastadan tekrar \u00f6l\u00e7\u00fc almadan ayn\u0131 data ile \u00fcretim yap\u0131labiliyor olmas\u0131d\u0131r.<\/p><p>Bir ba\u015fka avantaj\u0131 da hastan\u0131n mevcut a\u011f\u0131z durumu taran\u0131p kaydedilebilmekte ve ileride yap\u0131lan yeni taramalar ile kar\u015f\u0131la\u015ft\u0131r\u0131labiliyor olmas\u0131d\u0131r. Bu sayede a\u015f\u0131nmalar, yer de\u011fi\u015ftirmeler ve benzeri de\u011fi\u015fikliklerin belirlenebiliyor olmas\u0131d\u0131r.<\/p>\t\t\t\t\t\t<\/div>\n\t\t\t\t<\/div>\n\t\t\t\t<div class=\"elementor-element elementor-element-32b1e211 elementor-widget elementor-widget-text-editor\" data-id=\"32b1e211\" data-element_type=\"widget\" data-widget_type=\"text-editor.default\">\n\t\t\t\t<div class=\"elementor-widget-container\">\n\t\t\t\t\t\t\t<p><strong>D\u0130J\u0130TAL CERRAH\u0130 REHBER (SURG\u0130CAL GU\u0130DED IMPLANTS)<\/strong><\/p><p>\u0130mplant cerrahisi s\u0131ras\u0131nda implantlar\u0131n \u00e7ene kemi\u011fine en do\u011fru a\u00e7\u0131da ve en do\u011fru konumda yerle\u015ftirilmesini sa\u011flayarak implant cerrahisinin ba\u015far\u0131s\u0131n\u0131 artt\u0131ran dijital cerrahi rehber, di\u015f eti kald\u0131r\u0131lma gereksinimini ortadan kald\u0131rarak kanama miktar\u0131n\u0131 azalt\u0131r.<\/p><p>Cerrahi travmalar\u0131n azalt\u0131lmas\u0131n\u0131 sa\u011flayan dijital cerrahi rehber uygulamas\u0131 \u00f6ncesi 3 boyutlu tomografi \u00e7ekilerek hastalar\u0131n \u00e7ene kemi\u011fi g\u00f6r\u00fcnt\u00fcleri detayl\u0131 bir \u015fekilde elde edilir. Eksilen di\u015flerin bulundu\u011fu k\u0131s\u0131mlar\u0131n analizi ger\u00e7ekle\u015ftirilir ve eksik di\u015fi tamamlamak i\u00e7in yerle\u015ftirilecek olan implant\u0131n boyutu, a\u00e7\u0131s\u0131 ve konumu dikkatli bir \u015fekilde ayarlan\u0131r.<\/p><p>\u00a0<\/p>\t\t\t\t\t\t<\/div>\n\t\t\t\t<\/div>\n\t\t\t\t<div class=\"elementor-element elementor-element-3242768 elementor-widget elementor-widget-text-editor\" data-id=\"3242768\" data-element_type=\"widget\" data-widget_type=\"text-editor.default\">\n\t\t\t\t<div class=\"elementor-widget-container\">\n\t\t\t\t\t\t\t<p><strong>LAZER D\u0130\u015e HEK\u0130ML\u0130\u011e\u0130<\/strong><\/p><p>Lazer iyonize olmayan bir \u0131\u015f\u0131kt\u0131r ve dokuda birikim yapmaz. Bu sebeple x \u0131\u015f\u0131n\u0131 gibi zarar verecek bir \u00f6zelli\u011fi de yoktur. Uygun lazer dalga boyu kullan\u0131larak do\u011fru dozlarla kullan\u0131m\u0131 \u00f6nemlidir. Hamileler, \u00e7ocuklar ve kalp hastalar\u0131 da dahil olmak \u00fczere herkeste kullan\u0131labilir.<\/p><p>Lazer kullan\u0131lan b\u00f6lgede dezenfeksiyon ve sterilizasyon sa\u011flanmaktad\u0131r.<\/p><p>G\u00fcc\u00fc ayarlanabilen lazer \u0131\u015f\u0131n\u0131n\u0131n \u00e7\u00fcr\u00fck dokuyu se\u00e7ici davranmas\u0131 az madde kayb\u0131yla tedavinin tamamlanmas\u0131n\u0131 sa\u011flar. (Di\u015ften sadece \u00e7\u00fcr\u00fck b\u00f6lgeyi kald\u0131r\u0131r.)<\/p><p>Lazer ile yap\u0131lan cerrahi uygulamalarda, i\u015flem esnas\u0131nda neredeyse hi\u00e7 kanama olmamaktad\u0131r. Her cerrahi uygulama sonras\u0131nda ortaya \u00e7\u0131kabilecek komplikasyon, \u015fi\u015fme ve rahats\u0131zl\u0131k olas\u0131l\u0131klar\u0131 azalmakta ve daha h\u0131zl\u0131 bir iyile\u015fme sa\u011flanmaktad\u0131r.<\/p>\t\t\t\t\t\t<\/div>\n\t\t\t\t<\/div>\n\t\t\t\t<div class=\"elementor-element elementor-element-af199a6 elementor-widget elementor-widget-text-editor\" data-id=\"af199a6\" data-element_type=\"widget\" data-widget_type=\"text-editor.default\">\n\t\t\t\t<div class=\"elementor-widget-container\">\n\t\t\t\t\t\t\t<p><strong>D\u0130J\u0130TAL 3D G\u00d6R\u00dcNT\u00dcLEME<\/strong><\/p><p>G\u00fcn\u00fcm\u00fczde \u00fc\u00e7 boyutlu geli\u015fmi\u015f tomografi r\u00f6ntgenleri ile yakla\u015f\u0131k 30 saniye gibi bir s\u00fcrede di\u015flerin ve \u00f6nemli anatomik yap\u0131lar\u0131n haritas\u0131n\u0131 \u00e7\u0131karabilmekteyiz. Bu sayede gerek implant uygulamalar\u0131 gerek estetik di\u015f tedavisi uygulamalar\u0131 \u00f6zenle planlanarak hi\u00e7 risk almadan kusursuz yap\u0131labilmektedir.<\/p>\t\t\t\t\t\t<\/div>\n\t\t\t\t<\/div>\n\t\t\t\t<div class=\"elementor-element elementor-element-569d61a elementor-widget elementor-widget-text-editor\" data-id=\"569d61a\" data-element_type=\"widget\" data-widget_type=\"text-editor.default\">\n\t\t\t\t<div class=\"elementor-widget-container\">\n\t\t\t\t\t\t\t<p><strong>D\u0130J\u0130TAL G\u00dcL\u00dc\u015e TASARIMI<\/strong><\/p><p>Di\u015f hekimleri dijital yaz\u0131l\u0131mlar sayesinde hastan\u0131n di\u015f yap\u0131s\u0131, di\u015f etleri, dudaklar\u0131 ve y\u00fcz\u00fc aras\u0131ndaki en do\u011fru uyumu yakalayabiliyor. B\u00f6ylece ki\u015fiye do\u011fal ve estetik bir g\u00fcl\u00fc\u015f olu\u015fturulabiliyor.\u00a0 Dijital g\u00fcl\u00fc\u015f tasar\u0131m\u0131nda hasta odakl\u0131 bir tedavi yap\u0131l\u0131r.\u00a0 Her ki\u015fiye yak\u0131\u015fan g\u00fcl\u00fc\u015f \u015fekli farkl\u0131d\u0131r. Bu y\u00fczden di\u015f hekimleri ki\u015fiye en uygun g\u00fcl\u00fc\u015f\u00fc tasarlar.<\/p>\t\t\t\t\t\t<\/div>\n\t\t\t\t<\/div>\n\t\t\t\t<div class=\"elementor-element elementor-element-2790844 elementor-widget elementor-widget-text-editor\" data-id=\"2790844\" data-element_type=\"widget\" data-widget_type=\"text-editor.default\">\n\t\t\t\t<div class=\"elementor-widget-container\">\n\t\t\t\t\t\t\t<p><strong>D\u0130J\u0130TAL \u00d6L\u00c7\u00dc VE TARAMA<\/strong><\/p><p>Bazen klasik ve eskiden s\u00fcre gelen geleneksel sistemle \u00f6l\u00e7\u00fc al\u0131nmas\u0131 s\u0131ras\u0131nda \u00f6\u011f\u00fcrme refleksi ger\u00e7ekle\u015fmektedir. Bu durumda net \u00f6l\u00e7\u00fc al\u0131namama gibi problemler ya\u015fanabilir. Dijital \u00f6l\u00e7\u00fc i\u015fleminde bu tip sorunlar minimum seviyede ya\u015fanabilmektedir. Al\u0131nan g\u00f6r\u00fcnt\u00fcler sanal ortama aktar\u0131l\u0131p bilgisayar modellemesi yap\u0131larak net uygulamalar yapmak m\u00fcmk\u00fcn olur. Dijital \u00f6l\u00e7\u00fc sayesinde \u00f6l\u00e7\u00fc neredeyse kusursuz olmakta ve hastada olu\u015fabilicek rahats\u0131zl\u0131klar olduk\u00e7a azalt\u0131lmaktad\u0131r.<\/p><p>Dijital di\u015f hekimli\u011finde optik bir kamera ile di\u015fler taran\u0131r ve 3 boyutlu olarak bilgisayar ortam\u0131na aktar\u0131larak 3 boyutlu tarama y\u00f6ntemi ile ger\u00e7ekle\u015ftirilir.<\/p>\t\t\t\t\t\t<\/div>\n\t\t\t\t<\/div>\n\t\t\t\t<div class=\"elementor-element elementor-element-9613758 elementor-widget elementor-widget-text-editor\" data-id=\"9613758\" data-element_type=\"widget\" data-widget_type=\"text-editor.default\">\n\t\t\t\t<div class=\"elementor-widget-container\">\n\t\t\t\t\t\t\t<p><strong>\u0130NLAP S\u0130STEM\u0130<\/strong><\/p><p>Yeni inLab CAD Yaz\u0131l\u0131m\u0131, di\u015f laboratuvar\u0131nda CAD \/ CAM sistemlerinin gereksinimlerine art\u0131k daha da uyumlu. Ayr\u0131 bir CAD bile\u015feni olarak, yaz\u0131l\u0131m tarama ve \u00fcretim \u00fcnitesinden ba\u011f\u0131ms\u0131zd\u0131r. inLab CAD Yaz\u0131l\u0131m\u0131, optimize tasar\u0131m s\u00fcre\u00e7leri ve kullan\u0131c\u0131 dostu aray\u00fcz\u00fc ile ihtiyaca dayal\u0131 endikasyonlar\u0131 kapsar.<\/p>\t\t\t\t\t\t<\/div>\n\t\t\t\t<\/div>\n\t\t\t\t\t<\/div>\n\t\t<\/div>\n\t\t\t\t\t\t\t<\/div>\n\t\t<\/section>\n\t\t\t\t\t\t\t<\/div>\n\t\t","protected":false},"excerpt":{"rendered":"<p>Digital Di\u015f Hekimli\u011fi Anasayfa \/ Dijital Di\u015f Hekimli\u011fi D\u0130J\u0130TAL D\u0130\u015e HEK\u0130ML\u0130\u011e\u0130 NED\u0130R? Dijital di\u015f hekimli\u011fi, te\u015fhis, planlama ve tedavi s\u0131ras\u0131nda tamamen veya k\u0131smen bilgisayar destekli cihazlar\u0131n, y\u00f6ntemlerin ve teknolojinin kullan\u0131lmas\u0131 anlam\u0131na gelir. Dijital di\u015f hekimli\u011fi y\u00f6ntemleri insan hatas\u0131n\u0131 azalt\u0131p, \u00fcretim hassasiyetini art\u0131rmak ve tedavi s\u00fcrelerini k\u0131saltmak amac\u0131yla geli\u015ftirilmi\u015f y\u00f6ntemlerdir. Basit bir dolgudan komplike implant tedavilerine, [&hellip;]<\/p>\n","protected":false},"author":1,"featured_media":0,"parent":0,"menu_order":0,"comment_status":"closed","ping_status":"closed","template":"","meta":{"footnotes":""},"class_list":["post-2068","page","type-page","status-publish","hentry"],"_links":{"self":[{"href":"https:\/\/bilimdent.com\/index.php?rest_route=\/wp\/v2\/pages\/2068","targetHints":{"allow":["GET"]}}],"collection":[{"href":"https:\/\/bilimdent.com\/index.php?rest_route=\/wp\/v2\/pages"}],"about":[{"href":"https:\/\/bilimdent.com\/index.php?rest_route=\/wp\/v2\/types\/page"}],"author":[{"embeddable":true,"href":"https:\/\/bilimdent.com\/index.php?rest_route=\/wp\/v2\/users\/1"}],"replies":[{"embeddable":true,"href":"https:\/\/bilimdent.com\/index.php?rest_route=%2Fwp%2Fv2%2Fcomments&post=2068"}],"version-history":[{"count":7,"href":"https:\/\/bilimdent.com\/index.php?rest_route=\/wp\/v2\/pages\/2068\/revisions"}],"predecessor-version":[{"id":2294,"href":"https:\/\/bilimdent.com\/index.php?rest_route=\/wp\/v2\/pages\/2068\/revisions\/2294"}],"wp:attachment":[{"href":"https:\/\/bilimdent.com\/index.php?rest_route=%2Fwp%2Fv2%2Fmedia&parent=2068"}],"curies":[{"name":"wp","href":"https:\/\/api.w.org\/{rel}","templated":true}]}}